{"id":412,"date":"2021-02-28T22:17:47","date_gmt":"2021-02-28T21:17:47","guid":{"rendered":"http:\/\/alexandra.meteobruno.com\/?page_id=412"},"modified":"2022-07-02T20:08:44","modified_gmt":"2022-07-02T18:08:44","slug":"projets-detudes-2","status":"publish","type":"page","link":"http:\/\/alexandra.meteobruno.com\/index.php\/projets-detudes-2\/","title":{"rendered":"Projets d&#8217;\u00e9tudes"},"content":{"rendered":"\n<h3 class=\"has-text-color\" style=\"color:#e1d2b8\">Protection Plastron <\/h3>\n\n\n\n<p>Ce projet de design de mode a \u00e9t\u00e9 r\u00e9alis\u00e9 durant ma formation de Dnmade, par la technique du pliage, de l\u2019\u00e9chancrure et de la superposition du papier machine rigide, le but de cette cr\u00e9ation de design de mode est d\u2019amplifier une partie du corps, un sens. Ici, Protection Plastron amplifie une partie du corps : la carrure.<\/p>\n\n\n\n<p>L\u2019amplification de la carrure \u00e0 \u00e9tait choisis par une id\u00e9e de se prot\u00e9ger, se cr\u00e9er une carapace pour aboutir sur une protection allant jusqu\u2019\u00e0 se sentir intouchable.<\/p>\n\n\n\n<figure class=\"wp-container-2 wp-block-gallery-1 wp-block-gallery has-nested-images columns-default is-cropped\">\n<figure class=\"wp-block-image size-large\"><img loading=\"lazy\" width=\"1920\" height=\"2560\" data-id=\"392\"  src=\"http:\/\/alexandra.meteobruno.com\/wp-content\/uploads\/2021\/02\/2021-01-07-04.57.57-2-scaled.jpg\" alt=\"\" class=\"wp-image-392\" srcset=\"http:\/\/alexandra.meteobruno.com\/wp-content\/uploads\/2021\/02\/2021-01-07-04.57.57-2-scaled.jpg 1920w, http:\/\/alexandra.meteobruno.com\/wp-content\/uploads\/2021\/02\/2021-01-07-04.57.57-2-225x300.jpg 225w\" sizes=\"(max-width: 1920px) 100vw, 1920px\" \/><\/figure>\n\n\n\n<figure class=\"wp-block-image size-large\"><img loading=\"lazy\" width=\"1920\" height=\"2560\" data-id=\"393\"  src=\"http:\/\/alexandra.meteobruno.com\/wp-content\/uploads\/2021\/02\/2021-01-26-08.23.41-1-scaled.jpg\" alt=\"\" class=\"wp-image-393\" srcset=\"http:\/\/alexandra.meteobruno.com\/wp-content\/uploads\/2021\/02\/2021-01-26-08.23.41-1-scaled.jpg 1920w, http:\/\/alexandra.meteobruno.com\/wp-content\/uploads\/2021\/02\/2021-01-26-08.23.41-1-225x300.jpg 225w\" sizes=\"(max-width: 1920px) 100vw, 1920px\" \/><\/figure>\n<\/figure>\n\n\n\n<p>Le torse est recouvert par le plastron pour une pr\u00e9servation du corps, poss\u00e9der une certaine prestance, adopter une posture autoritaire mais aussi cr\u00e9er un univers majestueux et somptueux dont les motifs \u00e9vid\u00e9s rappellent.<\/p>\n\n\n\n<p>Le travail de l\u2019\u00e9ventail sur l\u2019\u00e9paule apporte de l\u2019\u00e9l\u00e9gance, du volume ainsi qu\u2019une certaine allure. De plus, son esth\u00e9tique renvoie \u00e0 un effet de l\u00e9g\u00e8ret\u00e9.<\/p>\n\n\n<div class=\"wp-block-image\">\n<figure class=\"aligncenter size-large is-resized\"><img loading=\"lazy\" src=\"http:\/\/alexandra.meteobruno.com\/wp-content\/uploads\/2021\/02\/2021-01-14-09.30.47-1-scaled.jpg\" alt=\"\" class=\"wp-image-391\" width=\"512\" height=\"682\" srcset=\"http:\/\/alexandra.meteobruno.com\/wp-content\/uploads\/2021\/02\/2021-01-14-09.30.47-1-scaled.jpg 1920w, http:\/\/alexandra.meteobruno.com\/wp-content\/uploads\/2021\/02\/2021-01-14-09.30.47-1-225x300.jpg 225w\" sizes=\"(max-width: 512px) 100vw, 512px\" \/><\/figure><\/div>\n\n\n<p class=\"has-text-align-left\">Ce projet dont la r\u00e9f\u00e9rence culturelle se refl\u00e8te sur l\u2019asym\u00e9trie du Plastron au niveau du sein gauche est associ\u00e9 au mythe des Amazones, qui se coupaient un de leurs seins afin d\u2019\u00eatre plus \u00e0 l\u2019aise lors des combats pour l\u2019utilisation de leurs tirs \u00e0 l\u2019arc.<\/p>\n\n\n\n<p>Ce choix de r\u00e9f\u00e9rence culturelle s\u2019oriente vers la force, le caract\u00e8re d\u00e9termin\u00e9 des Amazones mais \u00e9galement vers tout un univers, un mythe myst\u00e9rieux, intriguant voire dangereux. Pour renforcer ce mythe j\u2019ai \u00e9dit\u00e9 l\u2019incrustation digitale d\u2019une cicatrice sur un sein.<\/p>\n\n\n\n<p class=\"has-text-align-left\">Cette photographie \u00e9tant la photo finale de mon projet, j\u2019ai d\u2019ailleurs r\u00e9alis\u00e9 un jeu de lumi\u00e8re et de clair \u2013 obscur afin d\u2019appuyer le caract\u00e8re myst\u00e9rieux et mythique qu\u2019incarne le plastron. La posture du mannequin ainsi que son maquillage refl\u00e8te bien l\u2019air f\u00e9roce et guerrier que les Amazones incarnaient tout en y ajoutant un aspect envo\u00fbtant.<\/p>\n\n\n<div class=\"wp-block-image\">\n<figure class=\"aligncenter size-large is-resized\"><img loading=\"lazy\" src=\"http:\/\/alexandra.meteobruno.com\/wp-content\/uploads\/2022\/07\/2021-01-25-02.25.35-1-768x1024.jpg\" alt=\"\" class=\"wp-image-506\" width=\"469\" height=\"624\" srcset=\"http:\/\/alexandra.meteobruno.com\/wp-content\/uploads\/2022\/07\/2021-01-25-02.25.35-1-768x1024.jpg 768w, http:\/\/alexandra.meteobruno.com\/wp-content\/uploads\/2022\/07\/2021-01-25-02.25.35-1-225x300.jpg 225w, http:\/\/alexandra.meteobruno.com\/wp-content\/uploads\/2022\/07\/2021-01-25-02.25.35-1-1152x1536.jpg 1152w, http:\/\/alexandra.meteobruno.com\/wp-content\/uploads\/2022\/07\/2021-01-25-02.25.35-1-1536x2048.jpg 1536w, http:\/\/alexandra.meteobruno.com\/wp-content\/uploads\/2022\/07\/2021-01-25-02.25.35-1-45x60.jpg 45w, http:\/\/alexandra.meteobruno.com\/wp-content\/uploads\/2022\/07\/2021-01-25-02.25.35-1-scaled.jpg 1920w\" sizes=\"(max-width: 469px) 100vw, 469px\" \/><\/figure><\/div>\n\n\n<h3 class=\"has-text-color\" style=\"color:#e1d2b8\">Mueten<\/h3>\n\n\n\n<p>Ce second projet de design de mode \u00e0 \u00e9t\u00e9 \u00e9galement r\u00e9alis\u00e9 durant ma formation de Dnmade. Mueten est une panoplie de quatre pi\u00e8ces cr\u00e9\u00e9es sur le th\u00e8me de la tension physique et qui a abouti autour du principe de la mutation dans le r\u00e8gne animal et chez l&#8217;Homme.<\/p>\n\n\n\n<p>Puisqu&#8217;effectivement certains insectes et animaux pratiquent cette \u00e9tape de mutation, lorsque leurs peaux non \u00e9lastiques, deviennent trop \u00e9troites pour continuer \u00e0 les accueillir lorsqu&#8217;ils vont grandir. <\/p>\n\n\n\n<p>Pour passer de l&#8217;\u00e9tat enfant \u00e0 l&#8217;\u00e9tat adulte l&#8217;animal ou l&#8217;insecte devra se s\u00e9parer de cette peau donc muer.<\/p>\n\n\n<div class=\"wp-block-image\">\n<figure class=\"aligncenter size-large is-resized\"><img loading=\"lazy\" src=\"http:\/\/alexandra.meteobruno.com\/wp-content\/uploads\/2021\/06\/2021-06-08-101228682-768x1024.jpg\" alt=\"\" class=\"wp-image-478\" width=\"524\" height=\"698\" srcset=\"http:\/\/alexandra.meteobruno.com\/wp-content\/uploads\/2021\/06\/2021-06-08-101228682-768x1024.jpg 768w, http:\/\/alexandra.meteobruno.com\/wp-content\/uploads\/2021\/06\/2021-06-08-101228682-225x300.jpg 225w, http:\/\/alexandra.meteobruno.com\/wp-content\/uploads\/2021\/06\/2021-06-08-101228682-1152x1536.jpg 1152w, http:\/\/alexandra.meteobruno.com\/wp-content\/uploads\/2021\/06\/2021-06-08-101228682-1536x2048.jpg 1536w, http:\/\/alexandra.meteobruno.com\/wp-content\/uploads\/2021\/06\/2021-06-08-101228682-45x60.jpg 45w, http:\/\/alexandra.meteobruno.com\/wp-content\/uploads\/2021\/06\/2021-06-08-101228682-scaled.jpg 1920w\" sizes=\"(max-width: 524px) 100vw, 524px\" \/><\/figure><\/div>\n\n\n<p>Du c\u00f4t\u00e9 de l&#8217;Homme, cette \u00e9tape de mutation est tout aussi pr\u00e9sente par le fait que la seconde peau de l&#8217;animal est repr\u00e9sent\u00e9e par le v\u00eatement port\u00e9 par l&#8217;Homme. Le v\u00eatement pour l&#8217;Homme se voit donc comme sa seconde peau puisqu&#8217;il contribue \u00e0 cr\u00e9er son identit\u00e9, qui va devoir \u00e9voluer, changer de taille et qui se verra trop petit par l&#8217;\u00e9volution de la taille de l&#8217;Homme au m\u00eame titre que celui de l&#8217;animal.<\/p>\n\n\n\n<p>Par ailleurs, ce principe de mue se voit \u00e9galement comme un rituel au vu de son importance et de sa r\u00e9p\u00e9tition dans le passage d&#8217;\u00e9tat enfant \u00e0 adulte. Ainsi, pour r\u00e9f\u00e9rencer le rituel, le choix d&#8217;un rituel de passage \u00e0 l&#8217;\u00e2ge adulte d&#8217;un peuple d&#8217;Afrique de l&#8217;Ouest est choisi. Ce peuple, en se scarifiant la peau vont cr\u00e9er divers motifs et reliefs qui vont marquer cette mutation. <\/p>\n\n\n<div class=\"wp-block-image\">\n<figure class=\"aligncenter size-large is-resized\"><img loading=\"lazy\" src=\"http:\/\/alexandra.meteobruno.com\/wp-content\/uploads\/2021\/06\/2021-05-29-064350992-768x1024.jpg\" alt=\"\" class=\"wp-image-482\" width=\"507\" height=\"676\" srcset=\"http:\/\/alexandra.meteobruno.com\/wp-content\/uploads\/2021\/06\/2021-05-29-064350992-768x1024.jpg 768w, http:\/\/alexandra.meteobruno.com\/wp-content\/uploads\/2021\/06\/2021-05-29-064350992-225x300.jpg 225w, http:\/\/alexandra.meteobruno.com\/wp-content\/uploads\/2021\/06\/2021-05-29-064350992-1152x1536.jpg 1152w, http:\/\/alexandra.meteobruno.com\/wp-content\/uploads\/2021\/06\/2021-05-29-064350992-1536x2048.jpg 1536w, http:\/\/alexandra.meteobruno.com\/wp-content\/uploads\/2021\/06\/2021-05-29-064350992-45x60.jpg 45w, http:\/\/alexandra.meteobruno.com\/wp-content\/uploads\/2021\/06\/2021-05-29-064350992-scaled.jpg 1920w\" sizes=\"(max-width: 507px) 100vw, 507px\" \/><\/figure><\/div>\n\n\n<p>Cette panoplie de quatre pi\u00e8ces est donc inspir\u00e9e de l&#8217;\u00e9tat enfant \u00e0 adulte et du rituel de passage \u00e0 l&#8217;\u00e2ge adulte du peuple d&#8217;Afrique de l&#8217;Ouest. Pour ce faire, l&#8217;\u00e9tat enfant est repr\u00e9sent\u00e9 par une robe, une chemise ainsi qu&#8217;une paire de chaussettes. Ces v\u00eatements ont tous des points communs d&#8217;une part par leurs couleurs blanches mais \u00e9galement par des codes du vestiaire de l&#8217;enfance qui sont retranscrit par la longueur de la robe, la taille r\u00e9duite de la chemise pour \u00e9voquer un corps qui a grandi, muer mais \u00e9galement par le rajout de la dentelle sur la paire de chaussettes afin de rappeler l&#8217;univers de l&#8217;enfance.<\/p>\n\n\n\n<p>Par ailleurs, pour l&#8217;\u00e9tat du passage \u00e0 l&#8217;\u00e2ge adulte, un plastron en mati\u00e8re de latex est cr\u00e9e afin que la pi\u00e8ce ait un aspect de peau que ce soit au niveau de la couleur, de la translucidit\u00e9 mais aussi au niveau du toucher puisqu&#8217;il poss\u00e8de un toucher similaire \u00e0 celui d&#8217;une peau. <\/p>\n\n\n\n<figure class=\"wp-container-4 wp-block-gallery-3 wp-block-gallery aligncenter has-nested-images columns-default is-cropped\">\n<figure class=\"wp-block-image size-large\"><img loading=\"lazy\" width=\"768\" height=\"1024\" data-id=\"480\"  src=\"http:\/\/alexandra.meteobruno.com\/wp-content\/uploads\/2021\/06\/2021-05-29-070357521-768x1024.jpg\" alt=\"\" class=\"wp-image-480\" srcset=\"http:\/\/alexandra.meteobruno.com\/wp-content\/uploads\/2021\/06\/2021-05-29-070357521-768x1024.jpg 768w, http:\/\/alexandra.meteobruno.com\/wp-content\/uploads\/2021\/06\/2021-05-29-070357521-225x300.jpg 225w, http:\/\/alexandra.meteobruno.com\/wp-content\/uploads\/2021\/06\/2021-05-29-070357521-1152x1536.jpg 1152w, http:\/\/alexandra.meteobruno.com\/wp-content\/uploads\/2021\/06\/2021-05-29-070357521-1536x2048.jpg 1536w, http:\/\/alexandra.meteobruno.com\/wp-content\/uploads\/2021\/06\/2021-05-29-070357521-45x60.jpg 45w, http:\/\/alexandra.meteobruno.com\/wp-content\/uploads\/2021\/06\/2021-05-29-070357521-scaled.jpg 1920w\" sizes=\"(max-width: 768px) 100vw, 768px\" \/><\/figure>\n\n\n\n<figure class=\"wp-block-image size-large\"><img loading=\"lazy\" width=\"768\" height=\"1024\" data-id=\"483\"  src=\"http:\/\/alexandra.meteobruno.com\/wp-content\/uploads\/2021\/06\/2021-05-29-062956649-768x1024.jpg\" alt=\"\" class=\"wp-image-483\" srcset=\"http:\/\/alexandra.meteobruno.com\/wp-content\/uploads\/2021\/06\/2021-05-29-062956649-768x1024.jpg 768w, http:\/\/alexandra.meteobruno.com\/wp-content\/uploads\/2021\/06\/2021-05-29-062956649-225x300.jpg 225w, http:\/\/alexandra.meteobruno.com\/wp-content\/uploads\/2021\/06\/2021-05-29-062956649-1152x1536.jpg 1152w, http:\/\/alexandra.meteobruno.com\/wp-content\/uploads\/2021\/06\/2021-05-29-062956649-1536x2048.jpg 1536w, http:\/\/alexandra.meteobruno.com\/wp-content\/uploads\/2021\/06\/2021-05-29-062956649-45x60.jpg 45w, http:\/\/alexandra.meteobruno.com\/wp-content\/uploads\/2021\/06\/2021-05-29-062956649-scaled.jpg 1920w\" sizes=\"(max-width: 768px) 100vw, 768px\" \/><\/figure>\n<\/figure>\n\n\n\n<p>Ayant comme inspiration le rituel du peuple d&#8217;Afrique de l&#8217;Ouest, un rajout de perles avec comme placement un placement arrondi sur le dos et le devant vont venir faire r\u00e9f\u00e9rence aux motifs les plus courants lors des incisions.<\/p>\n\n\n\n<p>Cette panoplie s&#8217;inscrit dans une suite de panoplies qui formeraient ensemble une collection autour de la mutation.<\/p>\n","protected":false},"excerpt":{"rendered":"<p>Protection Plastron Ce projet de design de mode a \u00e9t\u00e9 r\u00e9alis\u00e9 durant ma formation de Dnmade, par la technique du pliage, de l\u2019\u00e9chancrure et de la superposition du papier machine rigide, le but de cette cr\u00e9ation de design de mode est d\u2019amplifier une partie du corps, un sens. Ici, Protection Plastron amplifie une partie du &hellip; <\/p>\n","protected":false},"author":1,"featured_media":0,"parent":0,"menu_order":0,"comment_status":"closed","ping_status":"closed","template":"","meta":[],"_links":{"self":[{"href":"http:\/\/alexandra.meteobruno.com\/index.php\/wp-json\/wp\/v2\/pages\/412"}],"collection":[{"href":"http:\/\/alexandra.meteobruno.com\/index.php\/wp-json\/wp\/v2\/pages"}],"about":[{"href":"http:\/\/alexandra.meteobruno.com\/index.php\/wp-json\/wp\/v2\/types\/page"}],"author":[{"embeddable":true,"href":"http:\/\/alexandra.meteobruno.com\/index.php\/wp-json\/wp\/v2\/users\/1"}],"replies":[{"embeddable":true,"href":"http:\/\/alexandra.meteobruno.com\/index.php\/wp-json\/wp\/v2\/comments?post=412"}],"version-history":[{"count":5,"href":"http:\/\/alexandra.meteobruno.com\/index.php\/wp-json\/wp\/v2\/pages\/412\/revisions"}],"predecessor-version":[{"id":507,"href":"http:\/\/alexandra.meteobruno.com\/index.php\/wp-json\/wp\/v2\/pages\/412\/revisions\/507"}],"wp:attachment":[{"href":"http:\/\/alexandra.meteobruno.com\/index.php\/wp-json\/wp\/v2\/media?parent=412"}],"curies":[{"name":"wp","href":"https:\/\/api.w.org\/{rel}","templated":true}]}}